et k be w(-1). Suppose 3*c = -4*a + 47, 0 = k*a + c - r - 29. What is the tens digit of a?
1
Suppose -4*n - c + 85 = 31, -2*n = -c - 24. Let r(p) = p**3 - 14*p**2 + 14*p - 15. Let d be r(n). What is the tens digit of 22 + -2 + d - 2?
1
Suppose -4*k = j - 2*j - 293, 4*k + 4*j - 308 = 0. Let f = k + -31. Suppose -4*i + f + 45 = 0. What is the tens digit of i?
2
What is the thousands digit of 4*(-9)/72*-2382?
1
Let k be 2/13 - (-1)/(13/154). Suppose -2*m + k = 3*u + u, -m + 8 = 3*u. What is the units digit of m?
2
Let c = -1424 - -1737. What is the tens digit of c?
1
Let t be (-17)/136 - 1969/(-8). Suppose 3*n = 2*i - 113, -2*n = -4*i - 0*i + t. What is the tens digit of i?
6
Suppose 6 = -5*h + 4*h. Let x = -9 - h. What is the units digit of (1/(-3))/(x/243)?
7
Suppose -3*t = -3 - 3. Suppose 0*i + 2*i = n - 44, 4*n - 156 = -t*i. What is the units digit of n?
0
Suppose -5*q = 0, 0*t + 3*t - 2*q - 1965 = 0. What is the tens digit of t?
5
Suppose -5*n + 1272 = -2*h, 0 = 6*n - 10*n + 3*h + 1019. Let s = n - 18. What is the units digit of s?
6
Suppose -8*s + 4830 = -3066. What is the hundreds digit of s?
9
Let c = 1188 + -231. What is the units digit of c?
7
Let t(x) = 10*x. Let j be t(3). Suppose 11*s + j = 14*s. Let f = s + 8. What is the units digit of f?
8
What is the tens digit of ((-9)/(-6))/(12/760)?
9
Suppose -23*o + 27*o = 272. What is the tens digit of o?
6
Let z be (-2)/(-5) - 126/(-35). Suppose 9 = h - z. Let y = -8 + h. What is the units digit of y?
5
Let h = -8 - -7. Let b(z) be the third derivative of 3*z**5/5 - 11*z**2. What is the units digit of b(h)?
6
Let u(h) be the second derivative of -h**5 + h**4/12 + 2*h. Let z be -1*2 - 9/(-9). What is the units digit of u(z)?
1
Let t(r) = -2*r + 415. What is the hundreds digit of t(13)?
3
Let h be (41 + 2)*(-1)/(-1). Suppose 4*z = -h - 29. What is the units digit of (-6)/21 + z/(-14)?
1
Let q(z) = 104*z + 92. What is the units digit of q(8)?
4
Let j be 0/3 - (2 - 7). Suppose -130 = -j*u + 535. What is the tens digit of u?
3
Let t(o) = 4*o**2 - 5*o + 42. What is the hundreds digit of t(6)?
1
Let n(d) = d**3 + 2*d**2 + 2. Let y be n(-2). Suppose 0*i - y*i = 14. What is the units digit of i/(0 + (-4)/12)?
1
Suppose -80 = 4*h + 5*g - 19, -g - 15 = h. Let j = h + 157. What is the units digit of j?
3
Suppose -3*a = 40 - 34. What is the tens digit of ((-63)/14)/(a/76)?
7
Let s be -184 + 1 + (-10)/2. Let u = s + 408. What is the units digit of u?
0
Let w(o) = 69*o**2 - 6*o + 1. What is the tens digit of w(1)?
6
Let p(m) = -m**3 - 5*m**2 + 4*m - 5. Let a be p(-6). Let y = 11 - a. Suppose -3*t + y*t = 16. What is the tens digit of t?
1
Let v(d) = -202*d + 12. Let w be v(-7). Suppose -12*t + w = -1118. What is the hundreds digit of t?
2
What is the tens digit of 6/45 - (37051/(-105) + 11)?
4
Let y = -634 + 620. Let w(m) = m**3 - m**2 - 3*m - 1. Let u be w(4). Let i = u + y. What is the units digit of i?
1
Let q be (2 - (2 + -2)) + -25. Let s = 190 + -134. Let o = s + q. What is the tens digit of o?
3
Suppose -3*d + 4*x - 6*x + 1539 = 0, 5*d + 2*x - 2569 = 0. What is the tens digit of d?
1
What is the thousands digit of (-9904)/4*(-75)/100?
1
Let j(v) = v**3 + 7*v**2 + 6*v + 2. Let a be j(-6). Suppose 5*x - 198 = a*x. Suppose -2 = -3*h + 5*k + 32, 3*k = -3*h + x. What is the units digit of h?
8
Let x(q) = -2*q**3 - 19*q**2 - 19*q + 8. What is the thousands digit of x(-16)?
3
What is the hundreds digit of ((-5)/45)/((-6)/15822)?
2
Let l = -2 + 8. Let b be (-6)/(-21) - (-204)/21. Let f = l + b. What is the tens digit of f?
1
Let q be 0 + 4220/5 + 4. What is the tens digit of (q/(-40))/((-4)/10)?
5
Let i = 1292 + -775. What is the hundreds digit of i?
5
Let s(v) = -v + 16. Let y = -28 - -42. What is the units digit of s(y)?
2
Let y be 1 + (-9)/7 - 8534/119. Let m = -1 - y. What is the tens digit of m?
7
Let v = 18 + -10. Let g = v + 14. Let y = g - 5. What is the units digit of y?
7
Let y(l) = -2*l**2 + 10 + 26 - 14*l - 21. Let a be y(-11). Let t = a + 125. What is the units digit of t?
2
Suppose 0 = a - 3*p - 720, 4534 - 952 = 5*a + 3*p. What is the tens digit of a?
1
Let m(j) = 2*j**2 + 10*j + 6. Let f be m(-6). Suppose -f*c = -13*c. Suppose -2*r + c*r = -16. What is the units digit of r?
8
Let a(x) = -x + 39. What is the units digit of a(21)?
8
Suppose 16*j + 48 = -0*j. Let a = 14 - j. What is the tens digit of a?
1
What is the tens digit of 4879/85 - 14/10?
5
Let i be ((-1)/2)/(2/32). Let t be (i/10)/((-6)/30). Suppose -2*m - 4*w = -m - 19, -t*w = -4*m + 36. What is the units digit of m?
1
Suppose -m - 4*m = -15. What is the units digit of (m/2)/((216/(-3760))/(-9))?
5
Let q = -88 + 92. What is the hundreds digit of 1407/14 - 2/q?
1
Suppose -6*a + 5 = -a. Suppose 0 = 2*m - a - 5. What is the tens digit of (147/28)/(m/32)?
5
Let g be ((-40)/8 - 2) + 69. Let u = 58 - 96. Let z = u + g. What is the tens digit of z?
2
Suppose -13*d + 16*d = -66. Let a = 8 - d. What is the units digit of a?
0
What is the tens digit of (1331/5 + 7)*5?
6
Suppose 5*c + 8 = -7. Let j(y) = -25*y + 13. What is the units digit of j(c)?
8
Suppose -3*a + 2*a = -2. Let w(k) = 7 - a*k + 5*k - 2*k. What is the units digit of w(0)?
7
Suppose 4*y - 2*y = 3*p - 3, -y + 6 = p. Suppose -p*i - 95 = -7*i + 3*s, 2*i + s - 35 = 0. Let m = i + 3. What is the units digit of m?
3
Let t(v) = 2*v**2 - 3*v + 3. Let h be t(1). Suppose -h*a = -9*a. Suppose a = 4*q - 4*w - 34 - 34, -4*q = -w - 71. What is the tens digit of q?
1
Let h be (-1)/3 + 96/18. Suppose 1 + h = 2*y. Suppose t - 5*t + 188 = x, 5*x = y*t - 141. What is the units digit of t?
7
Let u be (-6)/2 - (-63)/(-9). Let w = u - -11. What is the units digit of 37 + 0/2*w?
7
Let a(m) = m**3 + 9*m**2 + 27*m + 58. What is the tens digit of a(9)?
5
Let n(q) = -22 + 7 - 17*q - 2 - 21. What is the hundreds digit of n(-14)?
2
Let u = 1368 - 790. What is the hundreds digit of u?
5
Suppose -185*v = -191*v + 4218. What is the tens digit of v?
0
Let g(o) = -8*o + 1. Let h be g(1). Let d(k) be the second derivative of -k**4/12 - 4*k**3/3 - 2*k**2 - 13*k. What is the units digit of d(h)?
3
Let n be 2 + -1 + (-1 - 0) + 12. Suppose -n*s + 6*s + 492 = 0. What is the tens digit of s?
8
Suppose 5*y = 4*g - 6751, -5*g + 6046 = 2*y - 2368. What is the hundreds digit of g?
6
What is the hundreds digit of ((-562)/6)/(1 - (-468)/(-459))?
7
Suppose -3*c - 345 = -d, c = -2*d - 2*d + 1328. Let y = d + -207. What is the hundreds digit of y?
1
Suppose 6*r - 219 = 3*r. Suppose 5*s + 4*y - r = 2*s, 2*s + 4*y = 50. What is the tens digit of s/(2 + -2 + 1)?
2
Suppose 3*h - 161 = 2*h. Let o = h - 39. What is the units digit of o?
2
Suppose -4*k - k + 4*m + 7895 = 0, k = -m + 1570. What is the units digit of k?
5
Suppose -l = -5*o + 4079, 1634 = 2*o + 3*l - l. Suppose 4*m = -0*m + o. What is the tens digit of m?
0
Let m = 71 + -77. What is the tens digit of (-9)/m + 311/2 + 3?
6
What is the tens digit of (1 + -95)/(-6 + 5)?
9
Suppose -5*n + 3*j + 5549 = 0, -3*n + j + 3331 = -0*j. Suppose 0 = -3*c + 14*c - n. What is the tens digit of c?
0
Suppose 0*q - 5*q = 35. Let g = q + 21. What is the tens digit of (5 - 3) + g + 0?
1
Let t(f) be the third derivative of -f**5/60 - 17*f**4/24 + f**3/6 - 2*f**2. What is the tens digit of t(-16)?
1
Let q be 10*2*(-1)/(-4). Suppose -c + q*c = 36. Suppose c + 76 = 5*o. What is the tens digit of o?
1
Let o = -11 + 6. Let t = o - -4. What is the units digit of 1*(t - -12 - -3)?
4
Let s be (-2)/(2 - (-460)/(-228)). Suppose 5*n + k - s = 0, -2*k + 74 = 2*n + n. Suppose j = 17 + n. What is the tens digit of j?
3
Let z be ((-6)/(-15))/((-2)/(-10)). Let i be 1 + z + 0/(-8). Suppose 2*d - 3*d + 5*j = -66, 0 = j + i. What is the tens digit of d?
5
Let f = 704 + -498. Suppose j + 3*t - 62 = 0, 3*j - t - f = -6*t. Let p = j - 38. What is the tens digit of p?
3
Let r be ((-1998)/(-36))/(2/4). Suppose -3*c = -r - 426. What is the tens digit of c?
7
Let p(k) = k**2 - 27*k + 55. What is the tens digit of p(37)?
2
What is the tens digit of (-6)/(-39) - 4597*(-12)/52?
6
Suppose -d = 4*d + 15. What is the units digit of 5 - d - (6 + -6)?
8
Suppose -18*b = -10*b - 3928. What is the units digit of b?
1
Let j(i) = -i**3 - 6*i**2 - 5*i. Let c be j(-5). Suppose -21*k + 15*k + 222 = c. What is the units digit of k